ed thousands digit of 1191301?
1
What is the units digit of 16096443?
3
What is the thousands digit of 1733205?
3
What is the hundreds digit of 95667?
6
What is the thousands digit of 21009764?
9
What is the thousands digit of 2667487?
7
What is the hundred thousands digit of 4294287?
2
What is the tens digit of 844366?
6
What is the ten thousands digit of 526166?
2
What is the units digit of 2557992?
2
What is the tens digit of 273169?
6
What is the thousands digit of 68409?
8
What is the hundreds digit of 13584565?
5
What is the hundreds digit of 37419?
4
What is the tens digit of 3890486?
8
What is the units digit of 3449524?
4
What is the ten millions digit of 12015050?
1
What is the hundreds digit of 319900?
9
What is the ten thousands digit of 2072893?
7
What is the ten thousands digit of 1589452?
8
What is the hundred thousands digit of 6676824?
6
What is the hundreds digit of 20128634?
6
What is the tens digit of 586931?
3
What is the ten thousands digit of 490084?
9
What is the ten thousands digit of 48438?
4
What is the thousands digit of 3225827?
5
What is the thousands digit of 29283?
9
What is the ten thousands digit of 11948313?
4
What is the millions digit of 10737126?
0
What is the units digit of 177776?
6
What is the units digit of 201243?
3
What is the hundred thousands digit of 501825?
5
What is the tens digit of 97290?
9
What is the hundreds digit of 913160?
1
What is the ten thousands digit of 11385867?
8
What is the hundred thousands digit of 1490982?
4
What is the units digit of 4795938?
8
What is the ten thousands digit of 437044?
3
What is the tens digit of 16440621?
2
What is the tens digit of 21611722?
2
What is the units digit of 18068391?
1
What is the ten thousands digit of 119538?
1
What is the units digit of 17586330?
0
What is the units digit of 110424?
4
What is the tens digit of 974776?
7
What is the ten thousands digit of 7677098?
7
What is the thousands digit of 95360?
5
What is the ten thousands digit of 6739788?
3
What is the ten thousands digit of 1877519?
7
What is the hundred thousands digit of 2692426?
6
What is the units digit of 792412?
2
What is the thousands digit of 13588663?
8
What is the units digit of 219687?
7
What is the hundred thousands digit of 8383586?
3
What is the hundreds digit of 2152723?
7
What is the thousands digit of 240350?
0
What is the thousands digit of 29628911?
8
What is the units digit of 37139?
9
What is the units digit of 4028077?
7
What is the units digit of 396497?
7
What is the millions digit of 3248078?
3
What is the thousands digit of 1045164?
5
What is the hundreds digit of 1213554?
5
What is the millions digit of 6795158?
6
What is the ten thousands digit of 618346?
1
What is the millions digit of 5338958?
5
What is the units digit of 2170882?
2
What is the tens digit of 8428119?
1
What is the thousands digit of 92667?
2
What is the units digit of 1946721?
1
What is the hundreds digit of 561274?
2
What is the ten thousands digit of 781637?
8
What is the hundred thousands digit of 874101?
8
What is the hundred thousands digit of 345237?
3
What is the thousands digit of 202402?
2
What is the hundred thousands digit of 246381?
2
What is the thousands digit of 795547?
5
What is the ten thousands digit of 1292660?
9
What is the thousands digit of 2699152?
9
What is the hundred thousands digit of 337478?
3
What is the tens digit of 1364018?
1
What is the units digit of 1181704?
4
What is the thousands digit of 782236?
2
What is the hundred thousands digit of 430457?
4
What is the tens digit of 23611893?
9
What is the tens digit of 48250?
5
What is the ten thousands digit of 1018637?
1
What is the hundred thousands digit of 8800914?
8
What is the hundreds digit of 4829398?
3
What is the thousands digit of 21769123?
9
What is the hundred thousands digit of 163794?
1
What is the units digit of 10167603?
3
What is the ten thousands digit of 2210142?
1
What is the tens digit of 8668?
6
What is the ten thousands digit of 207504?
0
What is the millions digit of 17314080?
7
What is the hundreds digit of 2177122?
1
What is the hundreds digit of 12002037?
0
What is the millions digit of 4136904?
4
What is the hundred thousands digit of 282962?
2
What is the thousands digit of 4156097?
6
What is the tens digit of 3705113?
1
What is the thousands digit of 8097524?
7
What is the millions digit of 1380337?
1
What is the units digit of 18750?
0
What is the ten thousands digit of 1785734?
8
What is the hundreds digit of 114732?
7
What is the ten thousands digit of 592925?
9
What is the tens digit of 634149?
4
What is the thousands digit of 9534469?
4
What is the hundreds digit of 1385857?
8
What is the units digit of 1135593?
3
What is the hundreds digit of 1380028?
0
What is the hundreds digit of 288000?
0
What is the units digit of 862535?
5
What is the thousands digit of 4274456?
4
What is the hundreds digit of 4851722?
7
What is the tens digit of 5487997?
9
What is the hundreds digit of 14998186?
1
What is the hundred thousands digit of 18703714?
7
What is the ten thousands digit of 131587?
3
What is the thousands digit of 26254536?
4
What is the hundreds digit of 204997?
9
What is the millions digit of 17292421?
7
What is the ten thousands digit of 482921?
8
What is the hundred thousands digit of 251987?
2
What is the ten thousands digit of 9693268?
9
What is the millions digit of 1744720?
1
What is the tens digit of 1857033?
3
What is the millions digit of 6088997?
6
What is the tens digit of 17683118?
1
What is the hundreds digit of 5261519?
5
What is the ten thousands digit of 4295798?
9
What is the thousands digit of 295962?
5
What is the tens digit of 29315?
1
What is the hundred thousands digit of 298466?
2
What is the units digit of 32859169?
9
What is the tens digit of 12224207?
0
What is the units digit of 1395950?
0
What is the units digit of 104985?
5
What is the ten thousands digit of 2755482?
5
What is the thousands digit of 874889?
4
What is the units digit of 23507318?
8
What is the ten thousands digit of 885913?
8
What is the tens digit of 1262357?
5
What is the units digit of 895705?
5
What is the units digit of 342153?
3
What is the ten thousands digit of 69913?
6
What is the hundred thousands digit of 8290649?
2
What is the hundred thousands digit of 357287?
3
What is the hundreds digit of 2791558?
5
What is the hundreds digit of 434731?
7
What is the thousands digit of 162356?
2
What is the thousands digit of 351994?
1
What is the units digit of 4440227?
7
What is the units digit of 503173?
3
What is the millions digit of 1144441?
1
What is the thousands digit of 3483717?
3
What is the units digit of 1338835?
5
What is the units digit of 95602?
2
What is the thousands digit of 1428540?
8
What is the hundred thousands digit of 255288?
2
What is the units digit of 214443?
3
What is the tens digit of 450425?
2
What is the hundred thousands digit of 229710?
2
What is the units digit of 707609?
9
What is the tens digit of 86284?
8
What is the hundred thousands digit of 8105563?
1
What is the units digit of 5344723?
3
What is the hundred thousands digit of 12086388?
0
What is the units digit of 4068039?
9
What is the hundred thousands digit of 4775725?
7
What is the hundred thousands digit of 1829132?
8
What is the ten thousands digit of 1569240?
6
What is the thousands digit of 1247072?
7
What is the thousands digit of 8248?
8
What is the ten thousands digit of 127405?
2
What is the hundred thousands digit of 14712998?
7
What is the tens digit of 3826213?
1
What is the thousands digit of 1317914?
7
What is the tens digit of 2611022?
2
What is the tens digit of 12846525?
2
What is the tens digit of 758717?
1
What is the tens digit of 348073?
7
What is the units digit of 56618?
8
What is the millions digit of 2157897?
2
What is the ten millions digit of 21586747?
2
What is the hundred thousands digit of 2276489?
2
What is the thousands digit of 1809568?
9
What is the millions digit of 14198183?
4
What is the hundreds digit of 18785101?
1
What is the thousands digit of 47119?
7
What is the units digit of 1770022?
2
What is the hundred thousands digit of 201624?
2
What is the millions digit of 10198149?
0
What is the thousands digit of 2032581?
2
What is the hundre